 5*s**4/24 + s**3/2 + 6*s**2. Give w(-4).
-1
Let l(r) = -9 - r**2 + 4 - 6. Let t(m) = m**3 - 16*m**2 + 59*m - 44. Let w be t(11). Determine l(w).
-11
Let f(n) be the third derivative of n**6/120 - n**5/30 - n**4/6 + 3*n**2. Let s(a) = a - 3. Let d be s(6). Give f(d).
-3
Let k(c) be the third derivative of c**6/120 - c**4/24 - 3*c**3/2 - 48*c**2. Suppose 2*s + s = 0. Give k(s).
-9
Let v be (3/(-6))/((-3)/12). Suppose -v*o = 3*o. Let m(t) = -6 + 2*t + 7 + o + 5. What is m(-4)?
-2
Let n = -10 + 12. Let b(p) = -n*p + p + 1 - 2 - 1. Give b(2).
-4
Let w(z) = -3*z + 5. Let n = 5 - 6. Let j(a) = -a. Let v be -4*(-2*1)/4. Let r(p) = n*w(p) + v*j(p). Give r(4).
-1
Let y(k) = k + 1. Let z be y(4). Suppose -4 = z*t - t. Let b(g) = -5*g**3 + g**2 - g - 1. Calculate b(t).
6
Let l(s) = 11*s**2 + 0 - 2 - 5*s - s**3 - 5*s**2. Let d be 4 + 0 - (1 + 1). Suppose -11 = -d*o - 1. Give l(o).
-2
Let k(w) be the second derivative of -w**6/180 - w**4/24 + 5*w**3/6 + 7*w. Let q(v) be the second derivative of k(v). Calculate q(-2).
-9
Let y(a) = 3*a - 8. Let v(t) = -t + 3. Let m(j) = 11*v(j) + 4*y(j). What is m(-3)?
-2
Let b(s) = -s**2 - 5*s + 5. Suppose -67 = 8*h - 19. What is b(h)?
-1
Suppose -5*y + 128 = -4*p, 137 = 4*y + y - p. Let s be y/35*30/4. Let m = s - 9. Let j(k) = -4*k - 2. Give j(m).
10
Suppose -2*b = y - 11, y + 4 = 4*b - 3. Suppose v + 3*l = 4*l + 8, 2*v + y = -5*l. Let t(w) = w**3 - 4*w**2 - 7*w + 6. Determine t(v).
-4
Let i(y) = -7*y - 8. Let t(k) = 20*k + 23. Let u(j) = 17*i(j) + 6*t(j). Determine u(-6).
-4
Let d(s) = s**2 + 7*s - 12. Suppose y = -3*p - 3, -5*y - 4*p + 10 - 47 = 0. Calculate d(y).
6
Let r(x) = x. Suppose 3 - 5 = -d + v, -2*v = -2. Suppose -5*w - 2*p = -5*p + 19, 0 = d*p + 6. Let h(i) = i**2 - 8*i - 1. Let k(q) = w*r(q) - h(q). Give k(2).
3
Suppose -5*y - 24 = f + f, -4*y - 24 = 4*f. Let j(w) = -4 + 3*w**2 + 1 + 2*w + 5 + w**3. What is j(f)?
2
Let n(q) = -13*q**3 + 2*q + 1. Let p(r) = -r + 8. Let m be p(6). Suppose -3 = -m*v - 5. Give n(v).
12
Let w be 0/(4/(-2) - -1). Let s(c) be the third derivative of c**6/120 - c**5/60 + 7*c**3/6 - c**2 + 4*c. Give s(w).
7
Let s(b) = 5*b + 1. Let w(j) = 6*j + 2. Let u(q) = 5*s(q) - 4*w(q). Give u(6).
3
Let u(t) = 6*t**2 + 10 - 60*t + 52*t - 5*t**2. Calculate u(7).
3
Let g(z) = z - 9. Let x(i) = -2*i + 17. Let t(h) = 11*g(h) + 6*x(h). What is t(-7)?
10
Let a = -1 - 0. Let i(m) = 9*m - 5. Let x(q) = -19*q + 11. Let v(l) = 9*i(l) + 4*x(l). Give v(a).
-6
Let l(g) = 2*g**2 + 2*g - 13. Let h(o) = o + 0*o + 14*o**2 - 13*o**2 - 7. Let x(n) = 11*h(n) - 6*l(n). Calculate x(-3).
-5
Let b(t) = -t**3 + 3*t**2 + 5*t - 1. Let p be 0/1 - (-2 + 6). Let j(v) be the third derivative of v**5/60 + v**4/8 + 3*v**2. Let o be j(p). What is b(o)?
3
Let r be 19/3 + 3/(-9). Let b(f) = -3*f + 8. Determine b(r).
-10
Let u(n) be the first derivative of -n**3/3 - 11*n**2/2 - 14*n - 24. Determine u(-10).
-4
Let b = -2 + -14. Let f = b + 2. Let y = f - -9. Let o(p) = -2*p. Give o(y).
10
Suppose 2*p + a = 11, -p - 4*a + 14 = 2*p. Let t(h) be the first derivative of -h**4/4 + 7*h**3/3 - 7*h**2/2 - 5*h + 11. Determine t(p).
-11
Let p(a) = -a**3 + 4*a**2 + 6*a - 7. Let n(c) = c**2 + 12*c + 12. Let q be n(-14). Let m be 10/q - (-19)/4. Calculate p(m).
-2
Let h(b) be the first derivative of -b**3/3 + 3*b**2/2 - 3*b + 11. Calculate h(2).
-1
Let p = 11 - 5. Let a(j) = j**2 - 7*j + 5. Calculate a(p).
-1
Let g be (6/(-15))/(1/(-10)). Suppose 0*b + 5 = b. Let s(i) = -2*i + i - 1 + b + 2*i. Give s(g).
8
Let f(w) = -6*w - 1. Let y be f(-1). Let x(p) be the first derivative of -3*p**2 - 1/4*p**4 + 2*p**3 + 0*p - 4. What is x(y)?
-5
Suppose j - 17 = -t, 0*t - 2*t + 4*j + 16 = 0. Let c = 8 - t. Let i(s) = s**3 + 5*s**2 - 5*s + 2. Determine i(c).
-4
Let p(a) = -6*a + 7. Let b(j) = 17*j - 21. Let y(h) = -4*b(h) - 11*p(h). Give y(6).
-5
Let j(r) be the first derivative of -1 + 1/4*r**4 - 1/2*r**2 + 2/3*r**3 + 3*r. Give j(-3).
-3
Let h be (-4)/3*3/(-2). Let w(o) = 5*o - 4*o**h - 7*o - o**3 - 7 + 0*o**2 - o**2. What is w(-5)?
3
Suppose -5*h - 100 = -5*n, -4*h - 46 = -2*n + 30. Let j be h/15*10/(-2). Let v be (5/(-3))/(2/j). Let g(y) = y**2 + 5*y - 4. Give g(v).
-4
Let k be (-2 - 8/(-6))*-6. Suppose -2*f + 4*l + 20 = 0, k*l = 4*f - 0*f - 28. Suppose 0*n = 2*n - f. Let i(p) = -2*p**2. Determine i(n).
-8
Let g(c) be the third derivative of -c**4/12 + c**3/2 - 5*c**2. Let f be g(4). Let p(n) = n**3 + 6*n**2 + 6*n - 2. Give p(f).
-7
Let h(i) = i. Let l(u) = -1. Let q(b) = 5*h(b) + 5*l(b). Let m(n) = -n + 1. Let k(d) = 6*m(d) + q(d). Calculate k(3).
-2
Let j be (45/25)/(6/20). Let d(k) be the second derivative of k**3/6 - 4*k**2 - 2*k. Calculate d(j).
-2
Let b(q) = -q**2 + 4*q - 6. Let a be 2 - 1 - 37/1. Let s be (-3)/((a/(-16))/(-3)). Calculate b(s).
-6
Let z = 36 - 37. Let a(f) = -5*f. What is a(z)?
5
Let x be (-2)/1 + 0 + 0. Let t(c) = 4*c**3 + 4*c**2 + 8*c + 8. Let s(f) = -f**3 - f**2 - 2*f - 2. Let n(h) = -9*s(h) - 2*t(h). Determine n(x).
-6
Let g(z) = z + 4. Let f = -9 - -1. Calculate g(f).
-4
Let k(o) be the third derivative of 0*o + 0 + 4*o**2 - 1/24*o**4 + 5/6*o**3. Give k(4).
1
Let p be 3/(9/(-2))*3. Let q(r) = -2*r**3 - 6*r**2 + 2*r + 5. Let z(j) = j**3 + 3*j**2 - j - 3. Let v(i) = 3*q(i) + 5*z(i). What is v(p)?
-6
Let q = -7 + 2. Let m(v) be the third derivative of -v**7/2520 - v**6/180 + v**5/30 + v**4/12 + 2*v**2. Let p(f) be the second derivative of m(f). Give p(q).
-1
Let c(k) = k**2. Let x(u) be the first derivative of 1/2*u**2 + u**3 - 2*u + 3. Let j(t) = -4*c(t) + x(t). What is j(0)?
-2
Let j = 2 - 2. Let v(y) = y**3 - 18*y**2 + 4 + j*y**3 + 20*y**2 - 2*y. Let s be 1/((1 + 0)/(-3)). Determine v(s).
1
Let n(j) = -j**2 + 7*j - 5. Let d = -5 - -7. Suppose -d*c + 5 = -c. What is n(c)?
5
Let x(y) be the third derivative of -y**6/120 + y**5/5 + y**4/24 - 11*y**3/6 - 69*y**2. Calculate x(12).
1
Let l(d) = -11*d**2 - 16*d + 11. Let g(o) = -4*o**2 - 5*o + 4. Let y(m) = 8*g(m) - 3*l(m). Suppose 0 = 4*q - 5*q - 5. What is y(q)?
-16
Let c(f) be the first derivative of -2 - 1/4*f**4 + 4/3*f**3 - f**2 + 0*f. What is c(3)?
3
Let d(r) be the second derivative of -r**5/20 - r**4/6 + r**2/2 + r. Let l(k) = k**3 + 17*k**2 - 17*k + 15. Let w be l(-18). What is d(w)?
10
Let c(q) = q**2 - 4*q + 1. Let g = 5 - 4. Let v be (-6)/(-3 + 0) + g. Give c(v).
-2
Let i(r) = r - 4. Suppose 0 = l - q - 9, -33 = 2*l - 5*l + 5*q. Let g be (-4)/6 - (-112)/l. Suppose 5*m = 7 + g. Give i(m).
1
Suppose -l - 16 = 3*l. Let v(n) be the first derivative of 2 - 1/3*n**3 - 3/2*n**2 + 0*n. What is v(l)?
-4
Let m = 36 + -31. Let y(r) = -r**3 + 6*r**2 - 3*r - 5. Calculate y(m).
5
Let m(n) = -n**3 + n. Suppose -5*o - 3 + 18 = 0. Let y = o - 2. What is m(y)?
0
Let k = -1 + -2. Let r(p) = -p**3 - 3*p**2 - p + 3. Calculate r(k).
6
Let r(k) = 0*k**2 - 6 + 11 + k**2 - 5*k. What is r(5)?
5
Let k(w) = w - 1. Suppose -5*j = -4*j. What is k(j)?
-1
Let a(u) be the first derivative of u**6/120 - u**5/12 + 5*u**4/24 - u**3/3 - u**2 - 2. Let j(x) be the second derivative of a(x). Calculate j(4).
2
Let j(d) = 2*d**2 + 4*d + 2. Let y = 8 + -10. Determine j(y).
2
Let v(o) = -2*o - 1 + 1 - 1. Let q be 4/(-2)*10/4. What is v(q)?
9
Let v(m) = 3 + 4*m**2 + 1 - 5*m**2 + 3*m. What is v(4)?
0
Suppose -4*o - 17 + 9 = 0. Let g(r) = -2*r**3 - 3*r**2 - r - 1. Determine g(o).
5
Let n(l) = -l - 9. Let z be (-6)/(-18) - (-2)/(-6). Suppose 3 = -4*t - 3*a, t + 5*a + z + 5 = 0. Calculate n(t).
-9
Let p(z) be the second derivative of -z**4/12 - 5*z**3/6 + 9*z**2/2 - 3*z + 1. What is p(-7)?
-5
Let b(t) be the second derivative of 1/2*t**2 - 1/6*t**3 - t + 0. Let s(u) = u. Let g be s(1). Determine b(g).
0
Let s(a) be the first derivative of -a**4/4 - 2*a**3 - a**2/2 - 2*a - 11. What is s(-6)?
4
Let p(d) = -d**2 - 4*d**3 + d + 5*d**2 + 2*d**3 - 3*d. Suppose -3*b + 0*b + 6 = 0. What is p(b)?
-4
Let a(n) = n. Let j(y) = 3*y - 11. Let l(c) = -4*a(c) + j(c). Let i = 16 + -24. Calculate l(i).
-3
Let p(f) = -3*f**3 + 5*f**2 - 6*f + 3. Let w(j) = 4*j**3 - 8*j**2 + 9*j - 5. Let o(x) = 7*p(x) + 5*w(x). Give o(-6).
14
Let r(x) = -x**2 + 1. Let o(m) = -2*m**2 - 2*m + 7. Let f(v) = -v**2 + v. Let h(b) = -3*f(b) + o(b). Let k be h(4). What is r(k)?
-8
Let i(z) = z + 0 - z**2 - 2*z - 5 + 0*z**2. Calculate i(-4).
-17
Let u(b) be the f